ors of 21696?
2, 3, 113
List the prime factors of 13.
13
List the prime factors of 73689.
3, 7, 11, 29
List the prime factors of 25642.
2, 12821
What are the prime factors of 1173?
3, 17, 23
List the prime factors of 1657.
1657
What are the prime factors of 773?
773
List the prime factors of 715.
5, 11, 13
List the prime factors of 12339.
3, 457
List the prime factors of 399.
3, 7, 19
List the prime factors of 49483.
7, 7069
What are the prime factors of 4310?
2, 5, 431
What are the prime factors of 16048?
2, 17, 59
What are the prime factors of 60480?
2, 3, 5, 7
List the prime factors of 11.
11
List the prime factors of 3224.
2, 13, 31
List the prime factors of 22039.
22039
What are the prime factors of 157120?
2, 5, 491
What are the prime factors of 9539?
9539
What are the prime factors of 96997?
96997
What are the prime factors of 23567?
23567
What are the prime factors of 75212?
2, 18803
List the prime factors of 10508.
2, 37, 71
List the prime factors of 421.
421
What are the prime factors of 108650?
2, 5, 41, 53
List the prime factors of 1449.
3, 7, 23
What are the prime factors of 8515?
5, 13, 131
List the prime factors of 388.
2, 97
List the prime factors of 47073.
3, 13, 17, 71
What are the prime factors of 5180?
2, 5, 7, 37
List the prime factors of 4345.
5, 11, 79
List the prime factors of 3352.
2, 419
What are the prime factors of 1665?
3, 5, 37
What are the prime factors of 1006?
2, 503
List the prime factors of 141.
3, 47
List the prime factors of 1896.
2, 3, 79
List the prime factors of 5002.
2, 41, 61
List the prime factors of 52716.
2, 3, 23, 191
What are the prime factors of 38057?
19, 2003
List the prime factors of 1398.
2, 3, 233
List the prime factors of 25893.
3, 7, 137
List the prime factors of 70195.
5, 101, 139
List the prime factors of 6162.
2, 3, 13, 79
List the prime factors of 12501.
3, 463
List the prime factors of 42838.
2, 21419
What are the prime factors of 1142?
2, 571
What are the prime factors of 3782?
2, 31, 61
List the prime factors of 3198.
2, 3, 13, 41
List the prime factors of 14372.
2, 3593
List the prime factors of 135293.
193, 701
List the prime factors of 28410.
2, 3, 5, 947
What are the prime factors of 2549?
2549
What are the prime factors of 1559?
1559
List the prime factors of 76422.
2, 3, 47, 271
What are the prime factors of 50245?
5, 13, 773
List the prime factors of 2715.
3, 5, 181
List the prime factors of 6022.
2, 3011
What are the prime factors of 156?
2, 3, 13
List the prime factors of 1624.
2, 7, 29
List the prime factors of 63742.
2, 7, 29, 157
What are the prime factors of 494?
2, 13, 19
List the prime factors of 35130.
2, 3, 5, 1171
What are the prime factors of 11887?
11887
List the prime factors of 1584.
2, 3, 11
List the prime factors of 854.
2, 7, 61
What are the prime factors of 105?
3, 5, 7
List the prime factors of 6240.
2, 3, 5, 13
List the prime factors of 3731.
7, 13, 41
What are the prime factors of 104866?
2, 52433
List the prime factors of 66953.
23, 41, 71
What are the prime factors of 2254?
2, 7, 23
What are the prime factors of 131012?
2, 7, 4679
What are the prime factors of 95476?
2, 23869
What are the prime factors of 748?
2, 11, 17
List the prime factors of 18498.
2, 3, 3083
List the prime factors of 601.
601
What are the prime factors of 670?
2, 5, 67
What are the prime factors of 3270?
2, 3, 5, 109
What are the prime factors of 8715?
3, 5, 7, 83
List the prime factors of 1164.
2, 3, 97
What are the prime factors of 13743?
3, 509
What are the prime factors of 72105?
3, 5, 11, 19, 23
List the prime factors of 8334.
2, 3, 463
What are the prime factors of 1522?
2, 761
What are the prime factors of 11446?
2, 59, 97
What are the prime factors of 435?
3, 5, 29
List the prime factors of 12116.
2, 13, 233
List the prime factors of 21568.
2, 337
What are the prime factors of 2618?
2, 7, 11, 17
List the prime factors of 94508.
2, 23627
What are the prime factors of 11827?
11827
List the prime factors of 174471.
3, 11, 17, 311
List the prime factors of 7875.
3, 5, 7
List the prime factors of 22376.
2, 2797
What are the prime factors of 182629?
181, 1009
List the prime factors of 1153.
1153
What are the prime factors of 2815?
5, 563
List the prime factors of 63779.
23, 47, 59
What are the prime factors of 65303?
7, 19, 491
List the prime factors of 113396.
2, 28349
What are the prime factors of 56873?
56873
List the prime factors of 6583.
29, 227
List the prime factors of 827.
827
List the prime factors of 100017.
3, 11113
What are the prime factors of 443?
443
What are the prime factors of 174?
2, 3, 29
List the prime factors of 205.
5, 41
List the prime factors of 15691.
13, 17, 71
What are the prime factors of 4981?
17, 293
What are the prime factors of 2127?
3, 709
List the prime factors of 743.
743
What are the prime factors of 70574?
2, 7, 71
List the prime factors of 3428.
2, 857
What are the prime factors of 7979?
79, 101
List the prime factors of 2156.
2, 7, 11
What are the prime factors of 804?
2, 3, 67
What are the prime factors of 411?
3, 137
List the prime factors of 33307.
19, 1753
List the prime factors of 813.
3, 271
List the prime factors of 2819.
2819
What are the prime factors of 4059?
3, 11, 41
List the prime factors of 149.
149
List the prime factors of 6310.
2, 5, 631
List the prime factors of 3255.
3, 5, 7, 31
List the prime factors of 654.
2, 3, 109
What are the prime factors of 1399?
1399
List the prime factors of 38040.
2, 3, 5, 317
What are the prime factors of 3353?
7, 479
What are the prime factors of 3172?
2, 13, 61
What are the prime factors of 7280?
2, 5, 7, 13
List the prime factors of 38322.
2, 3, 2129
List the prime factors of 15765.
3, 5, 1051
What are the prime factors of 31827?
3, 103
What are the prime factors of 2327?
13, 179
List the prime factors of 46665.
3, 5, 17, 61
List the prime factors of 5649.
3, 7, 269
What are the prime factors of 26416?
2, 13, 127
List the prime factors of 26.
2, 13
List the prime factors of 273.
3, 7, 13
List the prime factors of 4833.
3, 179
List the prime factors of 164880.
2, 3, 5, 229
What are the prime factors of 408?
2, 3, 17
List the prime factors of 5501.
5501
What are the prime factors of 14394?
2, 3, 2399
What are the prime factors of 9072?
2, 3, 7
What are the prime factors of 1736?
2, 7, 31
List the prime factors of 1304.
2, 163
What are the prime factors of 19563?
3, 6521
What are the prime factors of 148745?
5, 71, 419
What are the prime factors of 15263?
15263
What are the prime factors of 681?
3, 227
What are the prime factors of 4107?
3, 37
What are the prime factors of 11896?
2, 1487
What are the prime factors of 45998?
2, 109, 211
List the prime factors of 4533.
3, 1511
List the prime factors of 3568.
2, 223
What are the prime factors of 87443?
87443
List the prime factors of 47105.
5, 9421
What are the prime factors of 50689?
173, 293
What are the prime factors of 164?
2, 41
What are the prime factors of 77862?
2, 3, 19, 683
List the prime factors of 30009.
3, 7, 1429
What are the prime factors of 2174?
2, 1087
List the prime factors of 6556.
2, 11, 149
What are the prime factors of 39236?
2, 17, 577
List the prime factors of 12267.
3, 29, 47
What are the prime factors of 1426?
2, 23, 31
What are the prime factors of 2185?
5, 19, 23
List the prime factors of 11500.
2, 5, 23
List the prime factors of 3774.
2, 3, 17, 37
List the prime factors of 2224.
2, 139
What are the prime factors of 76?
2, 19
List the prime factors of 5308.
2, 1327
What are the prime factors of 3430?
2, 5, 7
List the prime factors of 909.
3, 101
What are the prime factors of 3346?
2, 7, 239
What are the prime factors of 115487?
53, 2179
What are the prime factors of 1506?
2, 3, 251
What are the prime factors of 3666?
2, 3, 13, 47
What are the prime factors of 1973?
1973
What are the prime factors of 1628?
2, 11, 37
List the prime factors of 1178.
2, 19, 31
What are the prime factors of 12802?
2, 37, 173
What are the prime factors of 29670?
2, 3, 5, 23, 43
What are the prime factors of 10912?
2, 11, 31
List the prime factors of 634.
2, 317
What are the prime factors of 1236?
2, 3, 103
List the prime factors of 17602.
2, 13, 677
List the prime factors of 14758.
2, 47, 157
What are the prime factors of 300?
2, 3, 